. Suppose y*q - 3 = 13. What is the remainder when 6 is divided by q?
2
Let n = 84 - 46. What is the remainder when n is divided by 20?
18
Let l(w) = w**2 - 3*w + 2. Let b be l(3). Suppose m + 5*o - 9 = 18, -m = -b*o + 1. Let t(x) = x**2 - 6*x. What is the remainder when 13 is divided by t(m)?
6
Let s = 11 - 11. Suppose 0 = 5*t - 2*n - 16 - 19, s = -5*t + n + 40. Let u(r) = r**3 - 3*r**2 - 6*r - 4. What is the remainder when u(5) is divided by t?
7
Suppose -7*d + 68 = -37. Calculate the remainder when 52 is divided by d.
7
Let y be 2/(-4)*(-10 - 0). Let m be -1*((-1 - -2) + y). Calculate the remainder when 42 is divided by (-3)/m*(22 - 0).
9
Let r(n) = 2*n**3 - 12*n**2 + 17*n - 4. Let k(h) = h**3 - 6*h**2 + 9*h - 2. Let p(y) = -7*k(y) + 4*r(y). What is the remainder when p(6) is divided by 15?
13
Suppose -2*z + 4*z - 8 = -x, -20 = -5*z - 5*x. Suppose -2*c + 1 + 5 = 0, -3*c = z*h - 17. Suppose b + 8 = h*b. Calculate the remainder when 14 is divided by b.
6
Let s = -2 + 18. What is the remainder when s is divided by (-8)/(-6) + 276/36?
7
Let y(x) be the first derivative of x**4 + 2*x**3/3 + x**2/2 - 1. Let t be y(-1). What is the remainder when (-1)/(-3) - 101/t is divided by 12?
10
What is the remainder when 40 is divided by 2*-1 - (-12 + -4)?
12
What is the remainder when 50 is divided by ((-108)/(-16) + -7)/(1/(-52))?
11
Suppose 2*q - 15 = 85. Let y = 23 - 6. What is the remainder when q is divided by y?
16
Let h be (-30)/9*(-1 - 2). Suppose 0 = v - i - 0 - 10, -3*i - h = -v. Let f(g) = -g + 18. What is the remainder when f(0) is divided by v?
8
Suppose -1 = 2*b + 1. What is the remainder when 47 is divided by 16 + ((-2)/b - 2)?
15
Let g(m) = m**3 + 13*m**2 + 28*m + 71. Suppose 0 = -3*q + 1 + 5. What is the remainder when g(-11) is divided by q?
1
Let c be (-2 - 5/(-1)) + -16. Let o(i) = -7*i - 2. Calculate the remainder when o(c) is divided by 30.
29
Let c be -20*(12/8)/3. Calculate the remainder when 3 is divided by (-12)/(-15)*c/(-4).
1
Let a be (-7 - -8)*5/1. Suppose -4*s = a*f - 18, 1 = 5*f - 5*s - 44. Calculate the remainder when 11 is divided by f.
5
Suppose -3*c - 25 = 29. What is the remainder when 129/2*(-4)/(-6) is divided by 9/6*-2 - c?
13
Let d(b) = 12*b + 1. What is the remainder when d(2) is divided by 14/((-3)/((-3)/1))?
11
Let l(k) = 3*k**2 - 3*k - 7. Suppose f = 5*f + 20. Let m be l(f). Let i = m - 18. What is the remainder when i is divided by 22?
21
Suppose n = -0*n + 35. Suppose -3*r - n = -4*z, -8*z + 3*z = -r - 52. What is the remainder when -2 - 0 - (26 - 58) is divided by z?
8
Let u = 20 + -11. What is the remainder when 26 is divided by u?
8
Let p(l) = l - 14. Let u be p(18). Calculate the remainder when 15 is divided by -18*(18/(-4) + u).
6
Let y be 79/(-1) - (-2 - -3). Calculate the remainder when 22 is divided by y/(-8)*2/4.
2
Let y(i) = 0 - 2 + 3*i**2 + 5*i - 4*i**2. Let w be y(2). Suppose b + 18 = 3*b - w*d, -6 = b + 3*d. Calculate the remainder when 5 is divided by b.
2
Let f = -12 - -20. What is the remainder when 21 is divided by f?
5
Let z = -31 + 35. Let x(q) = -2*q + q + 3*q. What is the remainder when 22 is divided by x(z)?
6
Let l be -3 - (-7 + 0 - -4). Suppose l*w + 5*w - 60 = 0. Let d(j) = 2*j**2 + j + 1. Calculate the remainder when w is divided by d(-2).
5
Let n(q) = q**3 + 4*q**2 + 2*q - 1. Let h be n(-2). Let y(o) = 2*o + 12. Let g be y(-8). What is the remainder when (g*h)/(6/(-20)) is divided by 14?
12
Let j(b) = 2*b**3 + 3*b**2 + b + 1. Let m be j(-2). Let r = m - -66. Let v = r - 41. Calculate the remainder when 58 is divided by v.
18
Let o = -2 - -5. Let r(b) = 22*b - 1. Calculate the remainder when r(o) is divided by 22.
21
Let a(p) = p + 1. Let v(r) = -5*r - 6. Let d(u) = -18*a(u) - 2*v(u). Let n = -40 + 60. What is the remainder when d(-8) is divided by n?
18
Suppose 5*f + 72 = -b + 4*b, -b = -f - 16. Let r = 21 + f. What is the remainder when 34 is divided by r?
7
Suppose q = 10 - 7. Suppose 0 = -a - q*a + 60. What is the remainder when 27 is divided by a?
12
What is the remainder when 22 is divided by (-112)/(-10) + 4/5?
10
Let o(i) = -i + 2*i + 1 + 0*i + i. Let y be o(1). Suppose -y*a + 2*a = 4*r - 45, 115 = 4*a + 3*r. Calculate the remainder when 48 is divided by a.
23
Let w = -61 - -63. Calculate the remainder when 37 is divided by w.
1
Let i(g) = -7*g - 2. Let u be 1*(-4 + 2/2). Calculate the remainder when 36 is divided by i(u).
17
Suppose -9 = -2*g - 7. Calculate the remainder when g is divided by 1.
0
Let j(z) = z**3 + 5*z**2 - 3*z + 3. Let t be 10/(-2) - (0 + -1). What is the remainder when j(t) is divided by 1/(-2) + 115/10?
9
Let m(b) = 2*b**2 - 27*b - 1. Calculate the remainder when m(14) is divided by 4.
1
Suppose l = -3*x + 16, 23 = -2*l - 0*x + 5*x. Suppose -z - z - 3 = c, 0 = 3*c + 4*z + l. Let y(i) = i + 4. Calculate the remainder when y(c) is divided by 4.
1
Suppose -4*y = 0, -4*n + 308 = 3*y + y. What is the remainder when n is divided by (1 - -1)*(-4 + 5 + 9)?
17
Suppose 3*l + 2*k - 68 = 0, 16 = 2*l - 2*k - 16. Calculate the remainder when 27 is divided by l.
7
What is the remainder when 79 is divided by 1 - 1 - (-32 - -5)?
25
Let f = -17 + 10. Let k = 10 + f. Let l = 4 + k. Calculate the remainder when l is divided by 5.
2
What is the remainder when 53 is divided by (-581)/(-21) + (-1)/(-3)?
25
Suppose 4 + 2 = 2*d. Suppose 31 = 4*v - 3*g, -g + 8 = d*v + 1. Suppose -3*a = -2*h + 6, 0 = 4*a - 0*a. Calculate the remainder when v is divided by h.
1
Let f = 31 + -9. Calculate the remainder when f is divided by 8.
6
Let q = -115 + 186. Calculate the remainder when q is divided by 19.
14
Let s = -138 + 240. Calculate the remainder when s is divided by 26.
24
Suppose -5 = 2*g - 27. Let p = -50 + 82. Suppose -5*l = 20, l + p = 4*f - 100. Calculate the remainder when f is divided by g.
10
Let x be (-29)/(2 - 10/4). Let n = -33 + x. What is the remainder when n is divided by 14?
11
Suppose -4*t - 2*j = -t + 66, 75 = -3*t + j. Let d = 83 + t. What is the remainder when d is divided by 15?
14
Let a = 4 - 0. Calculate the remainder when (-7)/(1 + a/(-2)) is divided by ((-3)/(-2))/(6/16).
3
Let v = 10 + 1. Calculate the remainder when 52 is divided by v.
8
Let s(v) = -5*v + 9. Calculate the remainder when 110 is divided by s(-6).
32
Suppose 0 = 4*s - 2*s - 96. Let p = s - 23. Calculate the remainder when p is divided by 9.
7
Suppose 4*j = 88 - 24. Let b(o) = -o**2 - 7*o - 6. Calculate the remainder when j is divided by b(-4).
4
Let f(r) = -r**3 + 14*r**2 + 11. Let k be f(14). Suppose -3 = 2*v + 1. Let g = k - v. What is the remainder when 25 is divided by g?
12
Let i(c) = -4*c**3 - 2*c**2 - 4*c - 2. Suppose 4 = -4*b + 2*b. Calculate the remainder when i(b) is divided by 16.
14
What is the remainder when (5 + 95/(-25))/(6/40) is divided by 5?
3
Let q(g) = 7*g - 1. Let w = 377 - 355. What is the remainder when w is divided by q(1)?
4
Let u = -5 + 7. Calculate the remainder when (-1 - (-23 + 0)) + u is divided by 1/(((-3)/13)/(-3)).
11
Let b(s) = 2*s - 7. What is the remainder when 32 is divided by b(13)?
13
Let f be (-2)/(1 + 3/(-2)). Suppose -8 - 92 = -f*c. Suppose -d + c = u + u, 5*u + d - 64 = 0. What is the remainder when 36 is divided by u?
10
Let o = 114 - 81. Suppose 5*g - o = 32. What is the remainder when 24 is divided by g?
11
Suppose 0 = 5*r - 185 + 5. What is the remainder when 178 is divided by r?
34
Suppose 0 = -4*s - 20, 0 = -2*h - 0*h + 5*s + 269. What is the remainder when h is divided by 25?
22
Let r(a) = -a**3 + 7*a**2 - 4*a - 3. What is the remainder when r(5) is divided by 10?
7
Suppose -19 = -5*p + a, -p + 4*a + 3 = 3*a. Suppose -s - p*s + 130 = 0. What is the remainder when s is divided by 7?
5
Let d = 135 + -68. Let u = d + 4. Let h = 77 - 53. Calculate the remainder when u is divided by h.
23
Let p = 0 + 0. Suppose 4*j = -p*j + 160. Suppose j = 2*d - 2*c, 5*c + 55 = 4*d - 2*d. What is the remainder when 28 is divided by d?
13
Let i = -16 + 28. Suppose -2*l + b = l - 103, -b = 5*l - 161. What is the remainder when l is divided by i?
9
What is the remainder when 21 is divided by (28/(-35))/((-4)/30)?
3
Let y(l) be the first derivative of -l**3/3 - 5*l**2/2 + 4*l + 2. What is the remainder when y(-3) is divided by 4?
2
Suppose 2 = f - 3. Suppose 10 = 2*x, -3*